j - 4048 - 16420 = 0. What is the greatest common factor of j and 43?
43
Suppose -3*x + 83 = -4*v + 6*v, 5 = -5*x. Suppose -v + 49 = 3*t. Calculate the greatest common divisor of 10 and t.
2
Suppose 4*t = 3*r - 150, 3*t - t - 222 = -4*r. Suppose 3*h = 4*u - 315, -2*u - 3*h + 202 = 31. Calculate the highest common divisor of u and r.
27
Let h = -146 - -265. Let c be ((-34)/(-4))/(1/2). What is the greatest common divisor of c and h?
17
Let w be (7 - 30/5)*305. Calculate the highest common factor of w and 5.
5
Suppose 1318 = 3*p - 4*u - 642, 1288 = 2*p + 2*u. What is the highest common divisor of p and 27?
27
Suppose 27513 = 3*p + 27474. Let y be 2/3*(-3 + 81). Suppose 0 = -4*w + 8*w - y. Calculate the greatest common divisor of w and p.
13
Let r be -2*(94/4 + -1). Let a be (-18)/r - (-126)/10. Let n(q) = 3*q**2 - q + 2. Let h be n(6). What is the highest common factor of a and h?
13
Suppose -114 = 2*n + 3*b, 6*b - 2*b - 100 = 2*n. Let w = n + 73. Calculate the highest common factor of w and 57.
19
Let t = 38 - 239. Let u = t + 55. Let k be u/(-8) - (-2)/(-8). What is the highest common divisor of 162 and k?
18
Suppose -5*f + 50 = 15. Calculate the highest common factor of f and 217.
7
Suppose 3*t = 2*y - 21, 2*y = -0*y + t + 11. Suppose 3*p = y*d - 30, -2*d - 6*p + 11*p + 8 = 0. Calculate the highest common divisor of d and 35.
7
Suppose -4*o + 253 = 85. Suppose -j + 6*j = -5, -3*q - 84 = 3*j. Let r = q - -90. Calculate the highest common factor of o and r.
21
Let n be (4/6)/(2/21). Let p be (-28)/(-2)*2/n. Suppose -25 = -p*q + 3. Calculate the greatest common factor of 63 and q.
7
Let k(v) = 2*v**2 + 15*v + 13. Let w be k(-12). Suppose q = 4*m - 44, -3*q = -3*m - 4*q + 33. Calculate the highest common divisor of m and w.
11
Let m = -468 - -488. Calculate the highest common divisor of 32 and m.
4
Let q(k) = -23*k + 98. Let l be q(-8). Calculate the highest common divisor of 6 and l.
6
Let r = 382 + -326. Calculate the highest common factor of 64 and r.
8
Suppose -5*z = q - 1942, -1616 = -5*q + 2*z + 8121. What is the highest common factor of 11 and q?
11
Suppose 5*y = 2*s + 28 + 7, 5*s + 20 = -y. Suppose y*l - 9*l = -152. What is the highest common divisor of l and 114?
38
Suppose -u + 34 + 43 = 0. Suppose 0 = -19*i + 97 + 112. Calculate the highest common factor of u and i.
11
Suppose 4*y = 3*y + 3. Suppose -2*j = -4*l - 18, j + 5*l - y*l + 3 = 0. Suppose 0 = 7*w - j*w - 36. Calculate the highest common factor of 1 and w.
1
Let a(l) be the second derivative of -4*l**3/3 - 47*l**2/2 + 29*l. Let p be a(-6). Calculate the highest common factor of 3 and p.
1
Let j = 407 + -225. Let k be (-820)/(-36) - (-4)/18. Suppose k = 2*w - 29. Calculate the highest common divisor of j and w.
26
Let q be 0 - (-2 - 14 - 0). Let h be (-103836)/48 - 2/(-8). Let r be (-6)/30 - h/15. Calculate the highest common divisor of r and q.
16
Suppose -2*a = -11*a + 441. Suppose a = 6*o - 371. Let y = -26 - -36. What is the greatest common factor of y and o?
10
Suppose 5*d = d + 4. Let y be (7/(-1))/(d/(-2)). Suppose 107 - 9 = i. What is the highest common factor of y and i?
14
Let m(g) = -29*g - 2. Let j be m(-1). Let w = -45 + j. Let s = 32 + w. Calculate the highest common divisor of 42 and s.
14
Suppose -3*t = 6, -4*k = -2*t - t - 518. What is the highest common factor of k and 1600?
64
Suppose -4*i + 3*k - 178 = -6*i, 4*k = 5*i - 468. Let r = -59 + i. What is the greatest common divisor of 3 and r?
3
Suppose 0 = p + 4*p + 20. Let r = p + 21. Suppose -104*o = -10791 - 6889. Calculate the highest common factor of r and o.
17
Let n(a) be the third derivative of a**6/60 - a**5/15 - a**4/8 + 3*a**2. Let l be n(5). What is the highest common factor of l and 15?
15
Suppose -2*z - 2 = -112. Let p be 30/(-105) - (88/(-14))/1. Suppose p*g = -10 + 76. Calculate the greatest common factor of g and z.
11
Suppose -2*x = j - 114, 4*j + 570 = 9*j - 2*x. What is the greatest common divisor of j and 627?
57
Let l = 14 + -11. Let x be 4/(-12) + (-2 - 19/(-3)). Let c be l*-1 + (x - -7). Calculate the highest common divisor of 72 and c.
8
Let s(o) = o + 3. Let r be 6/(-21) + (-216)/28. Let n be s(r). Let b be 65/(-15)*(2 + n). What is the highest common factor of 39 and b?
13
Let k(p) = -5*p - 63. Let n be k(-13). Suppose -3 + 1 = -a + 4*h, -24 = -n*a + 3*h. What is the highest common divisor of 90 and a?
18
Suppose 3*h - 19 = 3*t + 17, -2*t - 44 = -4*h. Let p be (-30)/(-9)*12/h. Suppose -4*f = -5*f + 24. Calculate the highest common factor of p and f.
4
Let r be (90/(-78) - 16/(-104)) + 35. What is the highest common divisor of r and 306?
34
Let g be (-1)/((14/(-236))/(-7)). Let t = g - -180. Suppose 5*v = -3*b + 259, 472 = 5*b - 4*v - 9. What is the highest common factor of t and b?
31
Let q(y) = -5*y**2 + 24*y + 11. Let b(d) = -10*d**2 + 46*d + 22. Let s(r) = -3*b(r) + 5*q(r). Let n be s(5). Calculate the greatest common divisor of n and 32.
8
Suppose 5*b + 2 = 3*b. Let y be b + 3 + 0/(-2). Let j(z) = z**2 + 14*z + 1. Let s be j(-15). Calculate the greatest common factor of s and y.
2
Suppose 15 = -5*c - 0. Let n be (-8)/(-12) - (-68)/c. Let o = 29 - n. Calculate the greatest common factor of 34 and o.
17
Let n(q) = 19*q**3 + 5*q**2 - 7*q. Let t be n(2). Calculate the greatest common factor of 553 and t.
79
Let a(n) = -131*n**3 - 1. Let z be a(-1). Let l = -91 + z. Suppose -5*j + 94 + 36 = 0. What is the highest common divisor of j and l?
13
Let f = 78 + -56. Suppose -5*j = -f - 23. Suppose q + j - 38 = -4*l, -4*q + 20 = 4*l. What is the greatest common divisor of 8 and l?
8
Let x = 144 + -138. What is the greatest common factor of 6 and x?
6
Let h = -1 + 36. Let x = h + 0. What is the highest common divisor of x and 70?
35
Suppose 3*t - 561 = -5*o, -4*t + 6*o + 722 = 4*o. Calculate the highest common factor of t and 28.
14
Suppose 3*r - 162 = 3*n, -16*r = -13*r + 3*n - 150. Calculate the highest common factor of 520 and r.
52
Suppose -3*c + 5 = -2*c. Let y be (-22)/55 - 373/c. Let i be 1/(-3) + y/(-9). Calculate the highest common divisor of i and 12.
4
Suppose 1141 = 4*t - 2*w + 59, 5*t = 3*w + 1353. What is the greatest common divisor of t and 72?
18
Let y = -6 - -11. Suppose -y*w + 972 = -w. Let t = 29 + -2. Calculate the greatest common factor of w and t.
27
Let a be (-4)/(-18) + (-61)/(-9). Suppose -8*k = -0*k + 672. Let w = k + 140. What is the greatest common factor of a and w?
7
Let i be (3/((-21)/11 - -2))/1. Calculate the greatest common divisor of 187 and i.
11
Suppose 2*j + 12 = -0*j. Let c be (-4)/(-2)*(-27)/j. Let a(l) = 2*l**2 - l + 8. Let v be a(4). Calculate the highest common divisor of v and c.
9
Let y = -117 + 558. Calculate the highest common factor of 98 and y.
49
Let a be (-2)/5 - (-48)/20. Suppose -3*m = 2*b - 12, -b - a*b - 8 = -2*m. Suppose 0 = -3*t + 52 + 8. What is the greatest common factor of m and t?
4
Suppose -4*u + 12 = 0, 4*u - 150 = 3*w - 1062. Calculate the highest common divisor of 28 and w.
28
Let l be -78*3/(-6) + -11 + 7. Calculate the greatest common factor of 21 and l.
7
Suppose 3*g + 3 = 3*x, -g + 12 = 3*x - 7. Suppose 0 = -2*m + b + 55, 2*m - b + 49 = g*m. Calculate the highest common factor of 286 and m.
26
Suppose 0 = -2*s + z + 222, z - 333 = -3*s - z. Let j = s - 71. What is the greatest common divisor of 10 and j?
10
Suppose 6*b + 8 = 38. What is the greatest common factor of 25 and b?
5
Let r(y) = -y**3 + 29*y**2 + 37*y - 45. Let j be r(30). Calculate the greatest common factor of j and 11.
11
Let z(s) = -s**3 - s**2 - 2*s + 13. Let d be z(0). Suppose 0 = -2*p - 0 + 2. Let j = p + d. What is the highest common factor of 7 and j?
7
Let g be 121/7 - (-2)/(-7). Let y = -11 - -18. Suppose y*i - p - 149 = 4*i, -3*p - 243 = -5*i. What is the highest common divisor of g and i?
17
Suppose -98 = 4*k - 350. Let y be k/28 + 2/(-8). Let o be 1*(30/(-1))/(-3). What is the greatest common divisor of o and y?
2
Let f = -7 - -12. Suppose f*r = -h + 6*h + 60, -r + 10 = h. Let u be 54 + (0 - 1) + 2. What is the greatest common factor of u and r?
11
Let n = -32 + 39. Let r = 23 + -9. What is the greatest common factor of n and r?
7
Suppose 0 = -34*q + 3727 - 1279. Calculate the highest common divisor of q and 162.
18
Suppose 2*p + 4 = -j, 2*j + p + 2